f(c) be the first derivative of 5*c**3/3 + c**2 - 2*c - 1. What is the units digit of f(-2)?
4
Suppose -m - 3*p = -10, 17 + 48 = 2*m - 3*p. Suppose 7*r - 5 = 2*r - o, -2*r = -o + 5. Suppose -5*g = -r*g - m. What is the units digit of g?
5
Suppose -2*j - 8 = -4*i + 10, -4*i - 12 = 0. Let n = 26 + j. What is the units digit of n?
1
Let c(i) = -5*i - 6. Let h be c(-4). Let a = h + -2. What is the tens digit of a?
1
Suppose x - 1 - 1 = 0. Let z = x - -1. What is the units digit of z?
3
Let g = 36 + -22. What is the tens digit of g?
1
Let d(b) = b**2 - 11*b + 3. Let x be d(11). What is the units digit of 12/1 + (1 - x)?
0
Suppose 4*q - 24 = -4*i, 0*i = 3*i + 5*q - 24. Suppose -5*y + 16 = -0*y + 2*a, -i*y = 2*a - 8. What is the units digit of y?
4
Suppose -5*u - 3 + 41 = -2*q, -4*q - 40 = -4*u. Let g = 28 + -17. Let r = g - u. What is the units digit of r?
5
Suppose x = -3*x - 28. Let s(b) = -b**2 - 7*b + 9. What is the units digit of s(x)?
9
Let r(l) = l**2 - 2*l. Let u be (-51)/(-15) - 2/5. Let s be r(u). Suppose 3*y - j - 17 = 0, -3*y + 2 = -s*j - 7. What is the units digit of y?
7
Let x = -98 + 153. What is the units digit of x?
5
Let q = 3 + 4. What is the units digit of q?
7
Suppose 18 = 5*c - 32. What is the tens digit of c?
1
Suppose 53*w - 238 = 46*w. What is the tens digit of w?
3
Let h(y) = 6*y**2 - 2*y + 2. Suppose 4*s = 3*n - 5*n + 14, 4*s - 20 = -4*n. What is the units digit of h(s)?
2
Let a = 2 - -1. Suppose 2*s + a + 1 = 0. Let r(l) = -4*l - 3. What is the units digit of r(s)?
5
What is the tens digit of 2*(2 + 1 + 16)?
3
Let r(w) = -2*w**2 - 2*w + 7. Let a(v) = 6*v**2 + 5*v - 22. Let p(x) = -2*a(x) - 7*r(x). What is the units digit of p(-4)?
1
Let r(d) = 2*d**2 - 7*d - 6. What is the units digit of r(6)?
4
Suppose 195 = 4*h + h. What is the tens digit of h?
3
Let k = -15 + 11. Let g = k + 4. Let r(f) = f**3 - f**2 + f + 17. What is the units digit of r(g)?
7
Let n = 16 - 15. Suppose -4*r = -s + 2*s - 6, 0 = 3*s + 3*r. Let j = n - s. What is the units digit of j?
3
Let f(d) = d**3. Let c = -1 - -9. Suppose 7*v = 3*v + c. What is the units digit of f(v)?
8
Let k(c) = 6*c**2 + c - 3. Let v be k(2). Suppose -4*u + v + 37 = 4*f, -5*u = 3*f - 83. What is the tens digit of u?
1
Let g be 2 + 1 - 0 - 3. Let b = 4 + g. What is the units digit of b?
4
Let u be ((-52)/(-2))/1 - 2. Let x be ((-3)/9)/((-2)/u). Suppose z + 5*m + x = 29, -5*z - 2*m + 33 = 0. What is the units digit of z?
5
Suppose 7*q = 10 + 2629. What is the units digit of q?
7
Let w be 4*(0 + 28/(-16)). What is the units digit of -3 - 7/(w/10)?
7
Suppose 5*m - 5*r - 95 = 0, -6*m + 5*r + 73 = -2*m. Let o be (-6)/33 - (-114)/m. Suppose 5*c - 5 = o. What is the units digit of c?
2
Let j(b) = -2*b + 2*b - 5*b + b + 1. What is the units digit of j(-1)?
5
Suppose 3*o - o = 8. Suppose 5*v - 64 = o*n, -2*n - 60 = -3*v - 5*n. What is the tens digit of v?
1
Let y = 12 + -4. Suppose y = -r + 19. What is the units digit of r?
1
Suppose -12 = -3*w + 6. Suppose -2*i + w = -3*i. Let a = -4 - i. What is the units digit of a?
2
Let x(s) = 6*s**3 + 3*s**2 - 3*s - 4. Let t be x(-4). What is the units digit of (2/4)/((-4)/t)?
1
Suppose 4*z = -3*z - 21. Let k(l) = 6 + l**3 - 7 + 5 + 3*l**2. What is the units digit of k(z)?
4
Let z = 10 + -7. Suppose -3*f + i = 2*i - 113, -z*i = 12. What is the units digit of f?
9
Let z(q) = -q**2 + 37. What is the tens digit of z(0)?
3
Let t(x) = -2*x**3 + 2*x**2 + x. Suppose 0 = -v - 4*v - 5. Let j be t(v). Suppose 16 = q + j*q. What is the units digit of q?
4
Let c = 224 - 160. What is the tens digit of c?
6
Let i = -53 - -77. What is the tens digit of i?
2
Suppose 3*j - 5 = 4*j. Let u = j - -8. Suppose -3*h = 2*r - 17, 0*r = -u*r + 5*h - 22. What is the units digit of r?
1
Let f = 32 + -18. Let n = -5 - -13. Let m = f - n. What is the units digit of m?
6
Let y(x) = x**3 + x**2 - x + 2. Let w be (0 - 0)/(4 + -3). Suppose w*b + b = 0. What is the units digit of y(b)?
2
Suppose 9 = 2*g - z, 9 = -0*g - g + 5*z. Let o = g - -4. What is the units digit of o?
0
Let i be (-98)/(-6) + (-4)/12. Let s = 10 - i. Let h(z) = z**3 + 5*z**2 - 6*z + 8. What is the units digit of h(s)?
8
Let k = 5 - 2. Let q be (5/(-2))/(2/(-4)). What is the units digit of q/k + 2/6?
2
Let k(w) = 6*w**2 + 8*w + 5. Let p be k(-5). Suppose -p = -0*d - 5*d. What is the units digit of d?
3
What is the hundreds digit of ((-231)/2)/(18/(-24) + 0)?
1
Let c(m) = 2*m + 5. Let b(i) = -3*i - 5. Let y(a) = 3*b(a) + 4*c(a). Let g be y(4). Let s = g - 0. What is the units digit of s?
1
What is the units digit of ((-9)/(-6))/((-9)/(-102))?
7
Suppose -5*o + 127 = b + b, 0 = -b - 5*o + 61. Suppose j + j - b = 0. What is the units digit of j?
3
Suppose -5*d + 97 = -4*z + 7, -3*z + 59 = 2*d. What is the tens digit of d?
2
Suppose 8 = 7*x - 3*x. Let u be (-172)/(-36) - x/(-9). Suppose 2*c - 60 = u*m - 21, 0 = 4*m + 4. What is the units digit of c?
7
What is the tens digit of 3/((3/42)/1)?
4
Suppose -6*g + 90 + 0 = 0. What is the tens digit of g?
1
Let u = 13 - 6. What is the units digit of u?
7
Suppose -5*u + 4*o = 38, u = -3*u - 4*o - 16. Let i(m) = m**2 + 7*m + 8. Let h be i(u). Suppose 14 = 2*k + h. What is the units digit of k?
6
Suppose d + 181 = 2*x, 4*d + 49 = x - 45. What is the units digit of x?
0
Let i(w) = w**2 + 13*w - 18. What is the tens digit of i(-16)?
3
Let c(n) = n**2 + 5*n - 2. Let k be c(-5). What is the units digit of 9/k*4/(-3)?
6
Let y = 0 - -2. What is the units digit of (-27)/y*(-8)/12?
9
Let z = 15 + -11. Suppose 2*w - 4 = 3*w, z*j - 3*w - 48 = 0. What is the units digit of j?
9
What is the tens digit of (1827/105)/(1/15)?
6
Suppose j + 810 = 10*j. What is the tens digit of j?
9
Let a(s) = s. Let f be a(2). Suppose -o - f*o = -60. What is the units digit of o?
0
Suppose 0 = 2*k - 5 - 5. Suppose 3*s + 30 = k*s. What is the tens digit of s?
1
Let j = 5 + -5. Suppose 0 = 5*g + 5*u - j*u, 2*u = -3*g + 1. What is the units digit of g?
1
Suppose 213 = k - 2*u, -k + 5*u + 207 = u. What is the tens digit of k?
1
Suppose 2*m - n = 1 - 2, m + 2*n - 12 = 0. Let o be m/9 - (-97)/9. Let g = -8 + o. What is the units digit of g?
3
Suppose 0 = -3*g + g + 6. Let r = 0 + 0. Let i = g + r. What is the units digit of i?
3
Let o be (3 + 1)/(-1 + 2). Let p(c) = 5 + 20*c + 6*c**2 - 13*c - c**3 - 13*c. What is the units digit of p(o)?
3
Let n(f) = -f**2 + 9*f - 4. Let k be n(7). Let x be ((-8)/20)/((-2)/k). Suppose -5*d + x = -28. What is the units digit of d?
6
Suppose 0*b - b = -22. Suppose 2*r + 4*z + b = 0, 5*r + 4*z + 34 = 9. What is the units digit of 3*r/((-6)/20)?
0
Let x(p) = p + 9. Suppose c + c - 4*k + 14 = 0, 5*k - 21 = 3*c. What is the units digit of x(c)?
2
Suppose 0 = -0*p + p. Let a = -11 + 13. What is the units digit of (p - (a - 2)) + 11?
1
Let p(k) = 10*k - 46. What is the tens digit of p(7)?
2
Let y = -204 + 355. What is the hundreds digit of y?
1
Let g(u) = u**3 - 8*u**2 + 8. What is the units digit of g(9)?
9
Suppose -2*a + 145 = 3*a. What is the units digit of a?
9
Suppose 101 = 3*n - 85. What is the units digit of n?
2
Let p be (1/2)/(5/(-10)). Let s be (-8 + 12)*p/(-2). Suppose 21 = s*r + r. What is the units digit of r?
7
Let l = 167 - 119. What is the units digit of l?
8
Suppose 4*q + 28 = 2*z - 52, -2*q + 88 = 3*z. What is the tens digit of z?
3
Let r(o) = o**3 - 7*o**2 + 7*o - 9. Let v be r(6). Let u be ((-30)/(-7))/(8/(-56)). What is the units digit of 1/(v/u*2)?
5
Let o = 16 - 5. Let c = o + -8. What is the units digit of c?
3
Let c = 10 - 8. Suppose c*l = l + 8. What is the units digit of l?
8
Suppose -p + 3 = -2. Let z(x) = -x**2 + 3*x - 2. Let q be z(p). Let v = -8 - q. What is the units digit of v?
4
Let h = -8 - -23. What is the units digit of h?
5
Suppose -b + 28 = b. Suppose -2*x + b = -3*x. Let n = x - -20. What is the units digit of n?
6
Let y(t) = t**3 + 7*t**2 - 9*t + 4. Let w = -4 + -4. What is the units digit of y(w)?
2
Let u = 7 - 4. What is the tens digit of (-1)/3*(-36 + u)?
1
Suppose -5*c - 2*o = -2*c + 114, 2*o = -2*c - 78. Let j be (2/6)/((-4)/c). What is the units digit of 1/1 + (j - 1)?
3
Suppose 2*q = 4*q - 60. Suppose -p + q = 5. Suppose -4*j = -3*g - 20, -5*j + 2*g = -3*g - p. What is the units digit of j?
5
Suppose 0*f = -4*f - 4. Let d(p) = -p**2. Let x 